{"id":480,"date":"2021-01-05T22:41:17","date_gmt":"2021-01-05T22:41:17","guid":{"rendered":"https:\/\/beqircela.edu.al\/?page_id=480"},"modified":"2021-10-11T08:18:30","modified_gmt":"2021-10-11T08:18:30","slug":"sherbime-mjetesh-transporti","status":"publish","type":"page","link":"https:\/\/beqircela.edu.al\/?page_id=480","title":{"rendered":"Sh\u00ebrbime mjetesh transporti"},"content":{"rendered":"<div class=\"vc_row wpb_row vc_row-fluid\"><div class=\"wpb_column vc_column_container vc_col-sm-12\"><div class=\"vc_column-inner\"><div class=\"wpb_wrapper\"><div class=\"vc_tta-container\" data-vc-action=\"collapse\"><div class=\"vc_general vc_tta vc_tta-tabs vc_tta-color-mulled-wine vc_tta-style-modern vc_tta-shape-round vc_tta-spacing-2 vc_tta-gap-20 vc_tta-tabs-position-top vc_tta-controls-align-left wpb_animate_when_almost_visible wpb_rotateInDownLeft rotateInDownLeft\"><div class=\"vc_tta-tabs-container\"><ul class=\"vc_tta-tabs-list\"><li class=\"vc_tta-tab vc_active\" data-vc-tab><a href=\"#1633458276832-a9b80347-ef48\" data-vc-tabs data-vc-container=\".vc_tta\"><span class=\"vc_tta-title-text\">RRETH DREJTIMIT<\/span><\/a><\/li><li class=\"vc_tta-tab\" data-vc-tab><a href=\"#1633458276832-d4b06475-4c59\" data-vc-tabs data-vc-container=\".vc_tta\"><span class=\"vc_tta-title-text\">STRUKTURA E DREJTIMIT<\/span><\/a><\/li><li class=\"vc_tta-tab\" data-vc-tab><a href=\"#1633458337995-001a8199-b36e\" data-vc-tabs data-vc-container=\".vc_tta\"><span class=\"vc_tta-title-text\">E ARDHMJA E PROFESIONIT<\/span><\/a><\/li><li class=\"vc_tta-tab\" data-vc-tab><a href=\"#1633458401361-fe7b99ee-a84f\" data-vc-tabs data-vc-container=\".vc_tta\"><span class=\"vc_tta-title-text\">PROFILET E DREJTIMIT<\/span><\/a><\/li><\/ul><\/div><div class=\"vc_tta-panels-container\"><div class=\"vc_tta-panels\"><div class=\"vc_tta-panel vc_active\" id=\"1633458276832-a9b80347-ef48\" data-vc-content=\".vc_tta-panel-body\"><div class=\"vc_tta-panel-heading\"><h4 class=\"vc_tta-panel-title\"><a href=\"#1633458276832-a9b80347-ef48\" data-vc-accordion data-vc-container=\".vc_tta-container\"><span class=\"vc_tta-title-text\">RRETH DREJTIMIT<\/span><\/a><\/h4><\/div><div class=\"vc_tta-panel-body\">\n\t<div class=\"wpb_text_column wpb_content_element \" >\n\t\t<div class=\"wpb_wrapper\">\n\t\t\t<p>Drejtimi \u201cSh\u00ebrbim Mjetesh Transporti\u201d i jep mund\u00ebsin\u00eb nx\u00ebn\u00ebsve t\u00eb marrin njohurit\u00eb baz\u00eb, aft\u00ebsit\u00eb dhe trajnimet q\u00eb i lejojn\u00eb t\u00eb pun\u00ebsohen m\u00eb tej n\u00eb pozicione ndihm\u00ebse apo si Teknik Auto. N\u00eb l\u00ebnd\u00ebt profesionale dhe sidomos n\u00eb praktikat profesionale, nx\u00ebn\u00ebsit m\u00ebsojn\u00eb rreth organizmit t\u00eb vendit t\u00eb pun\u00ebs, p\u00ebrzgjedhjes, mir\u00ebmbajtjes dhe p\u00ebrdorimit t\u00eb mjeteve t\u00eb pun\u00ebs, pro\u00e7eset e pun\u00ebs q\u00eb lidhen me karrocerin\u00eb, sistemin e ushqimit, sistemin e transmetimit, sistemin e drejtimit e frenimit, etj. P\u00ebrve\u00e7 pjes\u00ebs teknike, nx\u00ebn\u00ebsit m\u00ebsojn\u00eb rreth etik\u00ebs profesionale, komunikimit me klientin si dhe drejtimin e nj\u00eb dyqani apo biznesi t\u00eb vog\u00ebl q\u00eb lidhet me sh\u00ebrbimin e mjeteve t\u00eb transportit.<br \/>\nDuhet patur parasysh q\u00eb pun\u00ebdh\u00ebn\u00ebsit n\u00eb drejtimin \u201cSh\u00ebrbim Mjetesh Transporti\u201d priren t\u00eb marrin fillimisht punonj\u00ebs pa pages\u00eb, n\u00eb form\u00eb praktike. Praktikat m\u00ebsimore q\u00eb zhvillojn\u00eb nx\u00ebn\u00ebsit e shkoll\u00ebs ton\u00eb n\u00eb mjediset e bizneseve, u japin mund\u00ebsin\u00eb nx\u00ebn\u00ebsve jo vet\u00ebm t\u00eb aft\u00ebsohen, por t\u00eb jen\u00eb t\u00eb gatsh\u00ebm p\u00ebr t\u00eb filluar si punonj\u00ebs me pages\u00eb t\u00eb rregullt menj\u00ebher\u00eb pas diplomimit<\/p>\n\n\t\t<\/div>\n\t<\/div>\n<\/div><\/div><div class=\"vc_tta-panel\" id=\"1633458276832-d4b06475-4c59\" data-vc-content=\".vc_tta-panel-body\"><div class=\"vc_tta-panel-heading\"><h4 class=\"vc_tta-panel-title\"><a href=\"#1633458276832-d4b06475-4c59\" data-vc-accordion data-vc-container=\".vc_tta-container\"><span class=\"vc_tta-title-text\">STRUKTURA E DREJTIMIT<\/span><\/a><\/h4><\/div><div class=\"vc_tta-panel-body\">\n\t<div class=\"wpb_text_column wpb_content_element \" >\n\t\t<div class=\"wpb_wrapper\">\n\t\t\t<p>P\u00ebrfundimi me sukses i nivelit t\u00eb par\u00eb (klas\u00ebs s\u00eb 11-t\u00eb) n\u00eb drejtimin \u201c \u201cSh\u00ebrbim Mjetesh Transporti\u201d, e pajis nx\u00ebn\u00ebsin me certifikat\u00ebn e punonj\u00ebsit gjysm\u00eb t\u00eb kualifikuar, \u201cNdihm\u00ebs\/e\u201d.<br \/>\nPas nivelit t\u00eb par\u00eb, nx\u00ebn\u00ebsi mund t\u00eb vazhdoj\u00eb studimet n\u00eb nivelin e dyt\u00eb (klasa e 12-t\u00eb) n\u00eb nj\u00eb nga profilet e k\u00ebtij drejtimi, ku pajiset me certifikat\u00ebn \u201cpunonj\u00ebs\/e i\/e kualifikuar\u201d.<br \/>\nNx\u00ebn\u00ebsi mund t\u00eb vazhdoj\u00eb studimet n\u00eb nivelin e tret\u00eb (klasa e 13-t\u00eb), ku pajiset me diplom\u00ebn e matur\u00ebs shtet\u00ebrore profesionale si dhe me certifikat\u00ebn e titullit \u201cteknik\/e\u201d<\/p>\n\n\t\t<\/div>\n\t<\/div>\n<\/div><\/div><div class=\"vc_tta-panel\" id=\"1633458337995-001a8199-b36e\" data-vc-content=\".vc_tta-panel-body\"><div class=\"vc_tta-panel-heading\"><h4 class=\"vc_tta-panel-title\"><a href=\"#1633458337995-001a8199-b36e\" data-vc-accordion data-vc-container=\".vc_tta-container\"><span class=\"vc_tta-title-text\">E ARDHMJA E PROFESIONIT<\/span><\/a><\/h4><\/div><div class=\"vc_tta-panel-body\">\n\t<div class=\"wpb_text_column wpb_content_element \" >\n\t\t<div class=\"wpb_wrapper\">\n\t\t\t<p>Auto mekaniku punon n\u00eb pjes\u00ebt mekanike t\u00eb mjeteve motorike, duke p\u00ebrfshir\u00eb motorr\u00ebt, sistemet e transmetimit e t\u00eb suspansionit . Ata mund t\u00eb specializohen n\u00eb profilet e ndryshme si motorrist, elektroauto, xhenerik apo sh\u00ebrbime karrocerie. P\u00ebrve\u00e7 mir\u00ebmbajtjes, riparimit bashkimit e rivendosjes s\u00eb pjes\u00ebve, auto mekanik\u00ebt gjithashtu flasin me pronar\u00ebt e automjetieve p\u00ebr problemet q\u00eb mund t\u00eb ken\u00eb me mjetin. Detyrat e zakonshme mund t\u00eb p\u00ebrfshijn\u00eb testimin dhe riparimin e sistemeve t\u00eb ndri\u00e7imit elektrik, z\u00ebvend\u00ebsimin e pjes\u00ebve t\u00eb d\u00ebmtuara n\u00eb motor ose inspektimin e automjeteve p\u00ebr t\u2019i b\u00ebr\u00eb ato t\u00eb sigurta p\u00ebr rrug\u00ebn.<\/p>\n\n\t\t<\/div>\n\t<\/div>\n<\/div><\/div><div class=\"vc_tta-panel\" id=\"1633458401361-fe7b99ee-a84f\" data-vc-content=\".vc_tta-panel-body\"><div class=\"vc_tta-panel-heading\"><h4 class=\"vc_tta-panel-title\"><a href=\"#1633458401361-fe7b99ee-a84f\" data-vc-accordion data-vc-container=\".vc_tta-container\"><span class=\"vc_tta-title-text\">PROFILET E DREJTIMIT<\/span><\/a><\/h4><\/div><div class=\"vc_tta-panel-body\">\n\t<div class=\"wpb_text_column wpb_content_element \" >\n\t\t<div class=\"wpb_wrapper\">\n\t\t\t<p><strong>Profilet e drejtimit Sh\u00ebrbime mjetesh transporti:<\/strong><\/p>\n<ul>\n<li>Sh\u00ebrbime motorrike<\/li>\n<li>Sh\u00ebrbime Xhenerike<\/li>\n<li>Sh\u00ebrbime elektroauto<\/li>\n<\/ul>\n\n\t\t<\/div>\n\t<\/div>\n<\/div><\/div><\/div><\/div><\/div><\/div><\/div><\/div><\/div><\/div><div class=\"vc_row wpb_row vc_row-fluid\"><div class=\"wpb_column vc_column_container vc_col-sm-12\"><div class=\"vc_column-inner\"><div class=\"wpb_wrapper\"><div class=\"vc_btn3-container vc_btn3-center\" >\n\t<a style=\"background-color:#00142a; color:#ffffff;\" class=\"vc_general vc_btn3 vc_btn3-size-lg vc_btn3-shape-rounded vc_btn3-style-custom vc_btn3-block\" href=\"http:\/\/www.akafp.gov.al\/wp-content\/uploads\/2020\/08\/M-II-20-SK-Sherbime-mjetesh-transporti.pdf\" title=\"\" target=\"_blank\">SKELETKURRIKULI I NIVELIT I-R\u00cb SHMT<\/a><\/div>\n<div class=\"vc_btn3-container vc_btn3-center\" >\n\t<a style=\"background-color:#00142a; color:#ffffff;\" class=\"vc_general vc_btn3 vc_btn3-size-lg vc_btn3-shape-rounded vc_btn3-style-custom vc_btn3-block\" href=\"http:\/\/www.akafp.gov.al\/wp-content\/uploads\/2021\/09\/M-IV-21-SK-Sherbime-mjetesh-transporti-1.pdf\" title=\"\" target=\"_blank\">SKELETKURRIKULI I NIVELIT IV-R\u00cb SHMT<\/a><\/div>\n<\/div><\/div><\/div><\/div><div class=\"vc_row wpb_row vc_row-fluid\"><div class=\"wpb_column vc_column_container vc_col-sm-12\"><div class=\"vc_column-inner\"><div class=\"wpb_wrapper\">\n\t<div class=\"wpb_text_column wpb_content_element \" >\n\t\t<div class=\"wpb_wrapper\">\n\t\t\t<h3 style=\"text-align: center;\"><span style=\"color: #00ccff;\">N\u00eb shkoll\u00ebn &#8220;Beqir \u00c7ela&#8221;, nx\u00ebn\u00ebsit mund t\u00eb ndjekin nj\u00eb prej profileve<\/span><\/h3>\n\n\t\t<\/div>\n\t<\/div>\n<\/div><\/div><\/div><\/div><div class=\"vc_row wpb_row vc_row-fluid\"><div class=\"wpb_column vc_column_container vc_col-sm-12\"><div class=\"vc_column-inner\"><div class=\"wpb_wrapper\"><div class=\"vc_btn3-container vc_btn3-center\" >\n\t<button style=\"background-color:#00142a; color:#ffffff;\" class=\"vc_general vc_btn3 vc_btn3-size-lg vc_btn3-shape-round vc_btn3-style-custom vc_btn3-block\">PROFILI SHERBIME MOTORRIKE<\/button><\/div>\n<\/div><\/div><\/div><\/div><div class=\"vc_row wpb_row vc_row-fluid\"><div class=\"wpb_column vc_column_container vc_col-sm-12\"><div class=\"vc_column-inner\"><div class=\"wpb_wrapper\"><div class=\"vc_tta-container\" data-vc-action=\"collapse\"><div class=\"vc_general vc_tta vc_tta-tabs vc_tta-color-mulled-wine vc_tta-style-modern vc_tta-shape-round vc_tta-spacing-2 vc_tta-gap-20 vc_tta-tabs-position-top vc_tta-controls-align-left\"><div class=\"vc_tta-tabs-container\"><ul class=\"vc_tta-tabs-list\"><li class=\"vc_tta-tab vc_active\" data-vc-tab><a href=\"#1633459484441-97464d47-b1f3\" data-vc-tabs data-vc-container=\".vc_tta\"><span class=\"vc_tta-title-text\">RRETH PROFILIT<\/span><\/a><\/li><li class=\"vc_tta-tab\" data-vc-tab><a href=\"#1633459484441-f207c1b3-98a0\" data-vc-tabs data-vc-container=\".vc_tta\"><span class=\"vc_tta-title-text\">STRUKTURA E PROFILIT<\/span><\/a><\/li><li class=\"vc_tta-tab\" data-vc-tab><a href=\"#1633459484442-b2341ba6-280b\" data-vc-tabs data-vc-container=\".vc_tta\"><span class=\"vc_tta-title-text\">E ARDHMJA E PROFESIONIT<\/span><\/a><\/li><li class=\"vc_tta-tab\" data-vc-tab><a href=\"#1633506755864-d1dc054f-ccd8\" data-vc-tabs data-vc-container=\".vc_tta\"><span class=\"vc_tta-title-text\">SKELETKURRIKULA<\/span><\/a><\/li><\/ul><\/div><div class=\"vc_tta-panels-container\"><div class=\"vc_tta-panels\"><div class=\"vc_tta-panel vc_active\" id=\"1633459484441-97464d47-b1f3\" data-vc-content=\".vc_tta-panel-body\"><div class=\"vc_tta-panel-heading\"><h4 class=\"vc_tta-panel-title\"><a href=\"#1633459484441-97464d47-b1f3\" data-vc-accordion data-vc-container=\".vc_tta-container\"><span class=\"vc_tta-title-text\">RRETH PROFILIT<\/span><\/a><\/h4><\/div><div class=\"vc_tta-panel-body\"><\/div><\/div><div class=\"vc_tta-panel\" id=\"1633459484441-f207c1b3-98a0\" data-vc-content=\".vc_tta-panel-body\"><div class=\"vc_tta-panel-heading\"><h4 class=\"vc_tta-panel-title\"><a href=\"#1633459484441-f207c1b3-98a0\" data-vc-accordion data-vc-container=\".vc_tta-container\"><span class=\"vc_tta-title-text\">STRUKTURA E PROFILIT<\/span><\/a><\/h4><\/div><div class=\"vc_tta-panel-body\"><\/div><\/div><div class=\"vc_tta-panel\" id=\"1633459484442-b2341ba6-280b\" data-vc-content=\".vc_tta-panel-body\"><div class=\"vc_tta-panel-heading\"><h4 class=\"vc_tta-panel-title\"><a href=\"#1633459484442-b2341ba6-280b\" data-vc-accordion data-vc-container=\".vc_tta-container\"><span class=\"vc_tta-title-text\">E ARDHMJA E PROFESIONIT<\/span><\/a><\/h4><\/div><div class=\"vc_tta-panel-body\"><\/div><\/div><div class=\"vc_tta-panel\" id=\"1633506755864-d1dc054f-ccd8\" data-vc-content=\".vc_tta-panel-body\"><div class=\"vc_tta-panel-heading\"><h4 class=\"vc_tta-panel-title\"><a href=\"#1633506755864-d1dc054f-ccd8\" data-vc-accordion data-vc-container=\".vc_tta-container\"><span class=\"vc_tta-title-text\">SKELETKURRIKULA<\/span><\/a><\/h4><\/div><div class=\"vc_tta-panel-body\"><div class=\"vc_btn3-container vc_btn3-center\" >\n\t<a style=\"background-color:#00142a; color:#ffffff;\" class=\"vc_general vc_btn3 vc_btn3-size-lg vc_btn3-shape-round vc_btn3-style-custom vc_btn3-block\" href=\"http:\/\/www.akafp.gov.al\/wp-content\/uploads\/2020\/08\/M1-III-20-SK-Sherbime-motorike.pdf\" title=\"SHERBIME MOTORRIKE\" target=\"_blank\">SKELETKURRIKULA SHERBIME MOTORRIKE<\/a><\/div>\n<\/div><\/div><\/div><\/div><\/div><\/div><\/div><\/div><\/div><\/div><div class=\"vc_row wpb_row vc_row-fluid\"><div class=\"wpb_column vc_column_container vc_col-sm-12\"><div class=\"vc_column-inner\"><div class=\"wpb_wrapper\"><div class=\"vc_btn3-container vc_btn3-center\" >\n\t<button style=\"background-color:#00142a; color:#ffffff;\" class=\"vc_general vc_btn3 vc_btn3-size-lg vc_btn3-shape-round vc_btn3-style-custom vc_btn3-block\">PROFILI SHERBIME XHENERIKE<\/button><\/div>\n<\/div><\/div><\/div><\/div><div class=\"vc_row wpb_row vc_row-fluid\"><div class=\"wpb_column vc_column_container vc_col-sm-12\"><div class=\"vc_column-inner\"><div class=\"wpb_wrapper\"><div class=\"vc_tta-container\" data-vc-action=\"collapse\"><div class=\"vc_general vc_tta vc_tta-tabs vc_tta-color-mulled-wine vc_tta-style-modern vc_tta-shape-round vc_tta-spacing-2 vc_tta-gap-20 vc_tta-tabs-position-top vc_tta-controls-align-left\"><div class=\"vc_tta-tabs-container\"><ul class=\"vc_tta-tabs-list\"><li class=\"vc_tta-tab vc_active\" data-vc-tab><a href=\"#1633459804208-72a9a581-f04d\" data-vc-tabs data-vc-container=\".vc_tta\"><span class=\"vc_tta-title-text\">RRETH PROFILIT<\/span><\/a><\/li><li class=\"vc_tta-tab\" data-vc-tab><a href=\"#1633459804210-c5ca9b9f-08be\" data-vc-tabs data-vc-container=\".vc_tta\"><span class=\"vc_tta-title-text\">STRUKTURA E PROFILIT<\/span><\/a><\/li><li class=\"vc_tta-tab\" data-vc-tab><a href=\"#1633459804210-8ffcff34-4442\" data-vc-tabs data-vc-container=\".vc_tta\"><span class=\"vc_tta-title-text\">E ARDHMJA E PROFESIONIT<\/span><\/a><\/li><li class=\"vc_tta-tab\" data-vc-tab><a href=\"#1633506532455-ce5ed88a-187e\" data-vc-tabs data-vc-container=\".vc_tta\"><span class=\"vc_tta-title-text\">SKELETKURRIKULA<\/span><\/a><\/li><\/ul><\/div><div class=\"vc_tta-panels-container\"><div class=\"vc_tta-panels\"><div class=\"vc_tta-panel vc_active\" id=\"1633459804208-72a9a581-f04d\" data-vc-content=\".vc_tta-panel-body\"><div class=\"vc_tta-panel-heading\"><h4 class=\"vc_tta-panel-title\"><a href=\"#1633459804208-72a9a581-f04d\" data-vc-accordion data-vc-container=\".vc_tta-container\"><span class=\"vc_tta-title-text\">RRETH PROFILIT<\/span><\/a><\/h4><\/div><div class=\"vc_tta-panel-body\"><\/div><\/div><div class=\"vc_tta-panel\" id=\"1633459804210-c5ca9b9f-08be\" data-vc-content=\".vc_tta-panel-body\"><div class=\"vc_tta-panel-heading\"><h4 class=\"vc_tta-panel-title\"><a href=\"#1633459804210-c5ca9b9f-08be\" data-vc-accordion data-vc-container=\".vc_tta-container\"><span class=\"vc_tta-title-text\">STRUKTURA E PROFILIT<\/span><\/a><\/h4><\/div><div class=\"vc_tta-panel-body\"><\/div><\/div><div class=\"vc_tta-panel\" id=\"1633459804210-8ffcff34-4442\" data-vc-content=\".vc_tta-panel-body\"><div class=\"vc_tta-panel-heading\"><h4 class=\"vc_tta-panel-title\"><a href=\"#1633459804210-8ffcff34-4442\" data-vc-accordion data-vc-container=\".vc_tta-container\"><span class=\"vc_tta-title-text\">E ARDHMJA E PROFESIONIT<\/span><\/a><\/h4><\/div><div class=\"vc_tta-panel-body\"><\/div><\/div><div class=\"vc_tta-panel\" id=\"1633506532455-ce5ed88a-187e\" data-vc-content=\".vc_tta-panel-body\"><div class=\"vc_tta-panel-heading\"><h4 class=\"vc_tta-panel-title\"><a href=\"#1633506532455-ce5ed88a-187e\" data-vc-accordion data-vc-container=\".vc_tta-container\"><span class=\"vc_tta-title-text\">SKELETKURRIKULA<\/span><\/a><\/h4><\/div><div class=\"vc_tta-panel-body\"><div class=\"vc_btn3-container vc_btn3-center\" >\n\t<a style=\"background-color:#00142a; color:#ffffff;\" class=\"vc_general vc_btn3 vc_btn3-size-lg vc_btn3-shape-round vc_btn3-style-custom vc_btn3-block\" href=\"http:\/\/www.akafp.gov.al\/wp-content\/uploads\/2020\/08\/M2-III-20-SK-Sherbime-xhenerike.pdf\" title=\"SHERBIME XHENERIKE\" target=\"_blank\">SKELETKURIKULA SHERBIME XHENERIKE<\/a><\/div>\n<\/div><\/div><\/div><\/div><\/div><\/div><\/div><\/div><\/div><\/div><div class=\"vc_row wpb_row vc_row-fluid\"><div class=\"wpb_column vc_column_container vc_col-sm-12\"><div class=\"vc_column-inner\"><div class=\"wpb_wrapper\"><div class=\"vc_btn3-container vc_btn3-center\" >\n\t<button style=\"background-color:#00142a; color:#ffffff;\" class=\"vc_general vc_btn3 vc_btn3-size-lg vc_btn3-shape-round vc_btn3-style-custom vc_btn3-block\">PROFILI SHERBIME ELEKTROAUTO<\/button><\/div>\n<\/div><\/div><\/div><\/div><div class=\"vc_row wpb_row vc_row-fluid\"><div class=\"wpb_column vc_column_container vc_col-sm-12\"><div class=\"vc_column-inner\"><div class=\"wpb_wrapper\"><div class=\"vc_tta-container\" data-vc-action=\"collapse\"><div class=\"vc_general vc_tta vc_tta-tabs vc_tta-color-mulled-wine vc_tta-style-modern vc_tta-shape-round vc_tta-spacing-2 vc_tta-gap-20 vc_tta-tabs-position-top vc_tta-controls-align-left\"><div class=\"vc_tta-tabs-container\"><ul class=\"vc_tta-tabs-list\"><li class=\"vc_tta-tab vc_active\" data-vc-tab><a href=\"#1633459801442-a4e1ac77-e127\" data-vc-tabs data-vc-container=\".vc_tta\"><span class=\"vc_tta-title-text\">RRETH PROFILIT<\/span><\/a><\/li><li class=\"vc_tta-tab\" data-vc-tab><a href=\"#1633459801443-6becaf66-de33\" data-vc-tabs data-vc-container=\".vc_tta\"><span class=\"vc_tta-title-text\">STRUKTURA E PROFILIT<\/span><\/a><\/li><li class=\"vc_tta-tab\" data-vc-tab><a href=\"#1633459801443-4882ed8c-0a1b\" data-vc-tabs data-vc-container=\".vc_tta\"><span class=\"vc_tta-title-text\">E ARDHMJA E PROFESIONIT<\/span><\/a><\/li><li class=\"vc_tta-tab\" data-vc-tab><a href=\"#1633461076863-2739953e-6bb2\" data-vc-tabs data-vc-container=\".vc_tta\"><span class=\"vc_tta-title-text\">SKELETKURRIKULA<\/span><\/a><\/li><\/ul><\/div><div class=\"vc_tta-panels-container\"><div class=\"vc_tta-panels\"><div class=\"vc_tta-panel vc_active\" id=\"1633459801442-a4e1ac77-e127\" data-vc-content=\".vc_tta-panel-body\"><div class=\"vc_tta-panel-heading\"><h4 class=\"vc_tta-panel-title\"><a href=\"#1633459801442-a4e1ac77-e127\" data-vc-accordion data-vc-container=\".vc_tta-container\"><span class=\"vc_tta-title-text\">RRETH PROFILIT<\/span><\/a><\/h4><\/div><div class=\"vc_tta-panel-body\"><\/div><\/div><div class=\"vc_tta-panel\" id=\"1633459801443-6becaf66-de33\" data-vc-content=\".vc_tta-panel-body\"><div class=\"vc_tta-panel-heading\"><h4 class=\"vc_tta-panel-title\"><a href=\"#1633459801443-6becaf66-de33\" data-vc-accordion data-vc-container=\".vc_tta-container\"><span class=\"vc_tta-title-text\">STRUKTURA E PROFILIT<\/span><\/a><\/h4><\/div><div class=\"vc_tta-panel-body\"><\/div><\/div><div class=\"vc_tta-panel\" id=\"1633459801443-4882ed8c-0a1b\" data-vc-content=\".vc_tta-panel-body\"><div class=\"vc_tta-panel-heading\"><h4 class=\"vc_tta-panel-title\"><a href=\"#1633459801443-4882ed8c-0a1b\" data-vc-accordion data-vc-container=\".vc_tta-container\"><span class=\"vc_tta-title-text\">E ARDHMJA E PROFESIONIT<\/span><\/a><\/h4><\/div><div class=\"vc_tta-panel-body\"><\/div><\/div><div class=\"vc_tta-panel\" id=\"1633461076863-2739953e-6bb2\" data-vc-content=\".vc_tta-panel-body\"><div class=\"vc_tta-panel-heading\"><h4 class=\"vc_tta-panel-title\"><a href=\"#1633461076863-2739953e-6bb2\" data-vc-accordion data-vc-container=\".vc_tta-container\"><span class=\"vc_tta-title-text\">SKELETKURRIKULA<\/span><\/a><\/h4><\/div><div class=\"vc_tta-panel-body\"><div class=\"vc_btn3-container vc_btn3-center\" >\n\t<a style=\"background-color:#00142a; color:#ffffff;\" class=\"vc_general vc_btn3 vc_btn3-size-lg vc_btn3-shape-round vc_btn3-style-custom vc_btn3-block\" href=\"http:\/\/www.akafp.gov.al\/wp-content\/uploads\/2020\/08\/M3-III-20-SK-Sherbime-elektroauto.pdf\" title=\"\" target=\"_blank\">SKELETKURRIKULA  SHERBIME ELEKTROAUTO<\/a><\/div>\n<\/div><\/div><\/div><\/div><\/div><\/div><\/div><\/div><\/div><\/div>\n","protected":false},"excerpt":{"rendered":"RRETH DREJTIMITSTRUKTURA E DREJTIMITE ARDHMJA E PROFESIONITPROFILET E DREJTIMITRRETH DREJTIMIT Drejtimi \u201cSh\u00ebrbim Mjetesh Transporti\u201d i jep mund\u00ebsin\u00eb nx\u00ebn\u00ebsve t\u00eb marrin njohurit\u00eb baz\u00eb, aft\u00ebsit\u00eb dhe trajnimet [...]","protected":false},"author":1,"featured_media":861,"parent":0,"menu_order":0,"comment_status":"closed","ping_status":"closed","template":"","meta":{"footnotes":""},"class_list":["post-480","page","type-page","status-publish","has-post-thumbnail","hentry"],"_links":{"self":[{"href":"https:\/\/beqircela.edu.al\/index.php?rest_route=\/wp\/v2\/pages\/480","targetHints":{"allow":["GET"]}}],"collection":[{"href":"https:\/\/beqircela.edu.al\/index.php?rest_route=\/wp\/v2\/pages"}],"about":[{"href":"https:\/\/beqircela.edu.al\/index.php?rest_route=\/wp\/v2\/types\/page"}],"author":[{"embeddable":true,"href":"https:\/\/beqircela.edu.al\/index.php?rest_route=\/wp\/v2\/users\/1"}],"replies":[{"embeddable":true,"href":"https:\/\/beqircela.edu.al\/index.php?rest_route=%2Fwp%2Fv2%2Fcomments&post=480"}],"version-history":[{"count":36,"href":"https:\/\/beqircela.edu.al\/index.php?rest_route=\/wp\/v2\/pages\/480\/revisions"}],"predecessor-version":[{"id":860,"href":"https:\/\/beqircela.edu.al\/index.php?rest_route=\/wp\/v2\/pages\/480\/revisions\/860"}],"wp:featuredmedia":[{"embeddable":true,"href":"https:\/\/beqircela.edu.al\/index.php?rest_route=\/wp\/v2\/media\/861"}],"wp:attachment":[{"href":"https:\/\/beqircela.edu.al\/index.php?rest_route=%2Fwp%2Fv2%2Fmedia&parent=480"}],"curies":[{"name":"wp","href":"https:\/\/api.w.org\/{rel}","templated":true}]}}