{"id":214,"date":"2020-12-31T22:33:46","date_gmt":"2020-12-31T22:33:46","guid":{"rendered":"https:\/\/beqircela.edu.al\/?page_id=214"},"modified":"2022-01-19T10:36:48","modified_gmt":"2022-01-19T10:36:48","slug":"konkurse","status":"publish","type":"page","link":"https:\/\/beqircela.edu.al\/?page_id=214","title":{"rendered":"Konkurse"},"content":{"rendered":"<div class=\"vc_row wpb_row vc_row-fluid\"><div class=\"wpb_column vc_column_container vc_col-sm-12\"><div class=\"vc_column-inner\"><div class=\"wpb_wrapper\"><!-- vc_grid start -->\n<div class=\"vc_grid-container-wrapper vc_clearfix\" >\n\t<div class=\"vc_grid-container vc_clearfix wpb_content_element vc_basic_grid\" data-initial-loading-animation=\"fadeIn\" data-vc-grid-settings=\"{&quot;page_id&quot;:214,&quot;style&quot;:&quot;all&quot;,&quot;action&quot;:&quot;vc_get_vc_grid_data&quot;,&quot;shortcode_id&quot;:&quot;{\\&quot;failed_to_get_id\\&quot;:\\&quot;vc_gid:1642588564511-7adbc2281ed7d6827700e2800f370a2d-2\\&quot;}&quot;,&quot;tag&quot;:&quot;vc_basic_grid&quot;}\" data-vc-request=\"https:\/\/beqircela.edu.al\/wp-admin\/admin-ajax.php\" data-vc-post-id=\"214\" data-vc-public-nonce=\"2c8e5075b9\">\n\t\t<style type=\"text\/css\" data-type=\"vc_shortcodes-custom-css\">.vc_custom_1419240516480{background-color: #f9f9f9 !important;}<\/style><div class=\"vc_grid vc_row vc_grid-gutter-30px vc_pageable-wrapper vc_hook_hover\" data-vc-pageable-content=\"true\"><div class=\"vc_pageable-slide-wrapper vc_clearfix\" data-vc-grid-content=\"true\"><div class=\"vc_grid-item vc_clearfix vc_col-sm-4 vc_grid-item-zone-c-bottom\"><div class=\"vc_grid-item-mini vc_clearfix \"><div class=\"vc_gitem-animated-block \"><div class=\"vc_gitem-zone vc_gitem-zone-a vc-gitem-zone-height-mode-auto vc-gitem-zone-height-mode-auto-1-1 vc_gitem-is-link\" style=\"background-image: url('https:\/\/beqircela.edu.al\/wp-content\/uploads\/2022\/12\/313403497_478900610884724_3374509688230850687_n-1024x692.jpg') !important;\">\n\t<a href=\"https:\/\/beqircela.edu.al\/?p=2745\" title=\"Trajnime dhe konkurs i zhvilluar nga &#8220;Fisa Academy&#8221;!\" class=\"vc_gitem-link vc-zone-link\"><\/a>\t<img decoding=\"async\" src=\"https:\/\/beqircela.edu.al\/wp-content\/uploads\/2022\/12\/313403497_478900610884724_3374509688230850687_n-1024x692.jpg\" class=\"vc_gitem-zone-img\" alt=\"\">\t<div class=\"vc_gitem-zone-mini\">\n\t\t\t<\/div>\n<\/div>\n<\/div>\n<div class=\"vc_gitem-zone vc_gitem-zone-c vc_custom_1419240516480\">\n\t<div class=\"vc_gitem-zone-mini\">\n\t\t<div class=\"vc_gitem_row vc_row vc_gitem-row-position-top\"><div class=\"vc_col-sm-12 vc_gitem-col vc_gitem-col-align-\"><div class=\"vc_custom_heading vc_gitem-post-data vc_gitem-post-data-source-post_title\" ><h4 style=\"text-align: left\" >Trajnime dhe konkurs i zhvilluar nga &#8220;Fisa Academy&#8221;!<\/h4><\/div><div class=\"vc_custom_heading vc_gitem-post-data vc_gitem-post-data-source-post_excerpt\" ><p style=\"text-align: left\" ><p>Gjat\u00eb eventit 3 ditor (1, 2 dhe 4 N\u00ebntor), t\u00eb organizuar nga Fisa Academy me tematik\u00eb: &#8221; Cyber Range Attacking &amp; CTF Challanges&#8221;, nx\u00ebn\u00ebsit e [&hellip;]<\/p>\n<\/p><\/div>\t<div class=\"vc_btn3-container vc_btn3-left\" >\n\t\t<a class=\"vc_general vc_btn3 vc_btn3-size-md vc_btn3-shape-rounded vc_btn3-style-flat vc_btn3-color-juicy-pink\" a href=\"https:\/\/beqircela.edu.al\/?p=2745\" class=\"vc_gitem-link vc_general vc_btn3 vc_general vc_btn3 vc_btn3-size-md vc_btn3-shape-rounded vc_btn3-style-flat vc_btn3-color-juicy-pink\" title=\"Read more\">Read more<\/a><\/div>\n\n\n\n<\/div><\/div>\t<\/div>\n<\/div>\n<\/div><div class=\"vc_clearfix\"><\/div><\/div><div class=\"vc_grid-item vc_clearfix vc_col-sm-4 vc_grid-item-zone-c-bottom\"><div class=\"vc_grid-item-mini vc_clearfix \"><div class=\"vc_gitem-animated-block \"><div class=\"vc_gitem-zone vc_gitem-zone-a vc-gitem-zone-height-mode-auto vc-gitem-zone-height-mode-auto-1-1 vc_gitem-is-link\" style=\"background-image: url('https:\/\/beqircela.edu.al\/wp-content\/uploads\/2022\/10\/309659521_454037416704377_6387484103161179401_n.jpg') !important;\">\n\t<a href=\"https:\/\/beqircela.edu.al\/?p=2568\" title=\"Pjes\u00ebmarrje n\u00eb edicionin e 11-t\u00eb t\u00eb UPSHIFT-it!\" class=\"vc_gitem-link vc-zone-link\"><\/a>\t<img decoding=\"async\" src=\"https:\/\/beqircela.edu.al\/wp-content\/uploads\/2022\/10\/309659521_454037416704377_6387484103161179401_n.jpg\" class=\"vc_gitem-zone-img\" alt=\"\">\t<div class=\"vc_gitem-zone-mini\">\n\t\t\t<\/div>\n<\/div>\n<\/div>\n<div class=\"vc_gitem-zone vc_gitem-zone-c vc_custom_1419240516480\">\n\t<div class=\"vc_gitem-zone-mini\">\n\t\t<div class=\"vc_gitem_row vc_row vc_gitem-row-position-top\"><div class=\"vc_col-sm-12 vc_gitem-col vc_gitem-col-align-\"><div class=\"vc_custom_heading vc_gitem-post-data vc_gitem-post-data-source-post_title\" ><h4 style=\"text-align: left\" >Pjes\u00ebmarrje n\u00eb edicionin e 11-t\u00eb t\u00eb UPSHIFT-it!<\/h4><\/div><div class=\"vc_custom_heading vc_gitem-post-data vc_gitem-post-data-source-post_excerpt\" ><p style=\"text-align: left\" ><p>Idet\u00eb,inovacioni, projektet dhe sip\u00ebrmarrja ishin kryefjala e aktivitetit t\u00eb zhvilluar n\u00eb kuad\u00ebr t\u00eb edicionit t\u00eb 11-t\u00eb t\u00eb UPSHIFT-it n\u00eb Durr\u00ebs n\u00eb 29 shtator -1 tetor. [&hellip;]<\/p>\n<\/p><\/div>\t<div class=\"vc_btn3-container vc_btn3-left\" >\n\t\t<a class=\"vc_general vc_btn3 vc_btn3-size-md vc_btn3-shape-rounded vc_btn3-style-flat vc_btn3-color-juicy-pink\" a href=\"https:\/\/beqircela.edu.al\/?p=2568\" class=\"vc_gitem-link vc_general vc_btn3 vc_general vc_btn3 vc_btn3-size-md vc_btn3-shape-rounded vc_btn3-style-flat vc_btn3-color-juicy-pink\" title=\"Read more\">Read more<\/a><\/div>\n\n\n\n<\/div><\/div>\t<\/div>\n<\/div>\n<\/div><div class=\"vc_clearfix\"><\/div><\/div><div class=\"vc_grid-item vc_clearfix vc_col-sm-4 vc_grid-item-zone-c-bottom\"><div class=\"vc_grid-item-mini vc_clearfix \"><div class=\"vc_gitem-animated-block \"><div class=\"vc_gitem-zone vc_gitem-zone-a vc-gitem-zone-height-mode-auto vc-gitem-zone-height-mode-auto-1-1 vc_gitem-is-link\" style=\"background-image: url('https:\/\/beqircela.edu.al\/wp-content\/uploads\/2022\/05\/IMG_20220511_204647_311-1024x1024.webp') !important;\">\n\t<a href=\"https:\/\/beqircela.edu.al\/?p=1774\" title=\"Konkursi nd\u00ebrmjet klasave t\u00eb 11-ta TIK!\" class=\"vc_gitem-link vc-zone-link\"><\/a>\t<img decoding=\"async\" src=\"https:\/\/beqircela.edu.al\/wp-content\/uploads\/2022\/05\/IMG_20220511_204647_311-1024x1024.webp\" class=\"vc_gitem-zone-img\" alt=\"\">\t<div class=\"vc_gitem-zone-mini\">\n\t\t\t<\/div>\n<\/div>\n<\/div>\n<div class=\"vc_gitem-zone vc_gitem-zone-c vc_custom_1419240516480\">\n\t<div class=\"vc_gitem-zone-mini\">\n\t\t<div class=\"vc_gitem_row vc_row vc_gitem-row-position-top\"><div class=\"vc_col-sm-12 vc_gitem-col vc_gitem-col-align-\"><div class=\"vc_custom_heading vc_gitem-post-data vc_gitem-post-data-source-post_title\" ><h4 style=\"text-align: left\" >Konkursi nd\u00ebrmjet klasave t\u00eb 11-ta TIK!<\/h4><\/div><div class=\"vc_custom_heading vc_gitem-post-data vc_gitem-post-data-source-post_excerpt\" ><p style=\"text-align: left\" ><p>\u201cDhurojm\u00eb ,shk\u00ebmbejm\u00eb dhe lexojm\u00eb p\u00ebr tu pasuruar n\u00eb mendje dhe shpirt\u201dKjo ishte motoja e konkursit t\u00eb historis\u00eb q\u00eb u zhvillua sot n\u00eb ambientet e shkoll\u00ebs [&hellip;]<\/p>\n<\/p><\/div>\t<div class=\"vc_btn3-container vc_btn3-left\" >\n\t\t<a class=\"vc_general vc_btn3 vc_btn3-size-md vc_btn3-shape-rounded vc_btn3-style-flat vc_btn3-color-juicy-pink\" a href=\"https:\/\/beqircela.edu.al\/?p=1774\" class=\"vc_gitem-link vc_general vc_btn3 vc_general vc_btn3 vc_btn3-size-md vc_btn3-shape-rounded vc_btn3-style-flat vc_btn3-color-juicy-pink\" title=\"Read more\">Read more<\/a><\/div>\n\n\n\n<\/div><\/div>\t<\/div>\n<\/div>\n<\/div><div class=\"vc_clearfix\"><\/div><\/div><div class=\"vc_grid-item vc_clearfix vc_col-sm-4 vc_grid-item-zone-c-bottom\"><div class=\"vc_grid-item-mini vc_clearfix \"><div class=\"vc_gitem-animated-block \"><div class=\"vc_gitem-zone vc_gitem-zone-a vc-gitem-zone-height-mode-auto vc-gitem-zone-height-mode-auto-1-1 vc_gitem-is-link\" style=\"background-image: url('https:\/\/beqircela.edu.al\/wp-content\/uploads\/2021\/02\/1-1024x497.jpg') !important;\">\n\t<a href=\"https:\/\/beqircela.edu.al\/?p=718\" title=\"Konkursi Shkencor &#8221; Un\u00eb dhe Kompjuteri&#8221;.\" class=\"vc_gitem-link vc-zone-link\"><\/a>\t<img decoding=\"async\" src=\"https:\/\/beqircela.edu.al\/wp-content\/uploads\/2021\/02\/1-1024x497.jpg\" class=\"vc_gitem-zone-img\" alt=\"\">\t<div class=\"vc_gitem-zone-mini\">\n\t\t\t<\/div>\n<\/div>\n<\/div>\n<div class=\"vc_gitem-zone vc_gitem-zone-c vc_custom_1419240516480\">\n\t<div class=\"vc_gitem-zone-mini\">\n\t\t<div class=\"vc_gitem_row vc_row vc_gitem-row-position-top\"><div class=\"vc_col-sm-12 vc_gitem-col vc_gitem-col-align-\"><div class=\"vc_custom_heading vc_gitem-post-data vc_gitem-post-data-source-post_title\" ><h4 style=\"text-align: left\" >Konkursi Shkencor &#8221; Un\u00eb dhe Kompjuteri&#8221;.<\/h4><\/div><div class=\"vc_custom_heading vc_gitem-post-data vc_gitem-post-data-source-post_excerpt\" ><p style=\"text-align: left\" ><p>N\u00eb laborator\u00ebt e informatik\u00ebs s\u00eb shkoll\u00ebs ton\u00eb m\u00eb dat\u00eb 19 shkurt u zhvillua konkursi shkencor &#8221; UN\u00cb DHE KOMPJUTERI&#8221;, faza e dyt\u00eb n\u00eb baz\u00eb Qarku [&hellip;]<\/p>\n<\/p><\/div>\t<div class=\"vc_btn3-container vc_btn3-left\" >\n\t\t<a class=\"vc_general vc_btn3 vc_btn3-size-md vc_btn3-shape-rounded vc_btn3-style-flat vc_btn3-color-juicy-pink\" a href=\"https:\/\/beqircela.edu.al\/?p=718\" class=\"vc_gitem-link vc_general vc_btn3 vc_general vc_btn3 vc_btn3-size-md vc_btn3-shape-rounded vc_btn3-style-flat vc_btn3-color-juicy-pink\" title=\"Read more\">Read more<\/a><\/div>\n\n\n\n<\/div><\/div>\t<\/div>\n<\/div>\n<\/div><div class=\"vc_clearfix\"><\/div><\/div><\/div><\/div>\t<\/div>\n<\/div><!-- vc_grid end -->\n<\/div><\/div><\/div><\/div>\n","protected":false},"excerpt":{"rendered":"N\u00eb laborator\u00ebt e informatik\u00ebs s\u00eb shkoll\u00ebs ton\u00eb m\u00eb dat\u00eb 19 shkurt u zhvillua konkursi shkencor \" UN\u00cb DHE KOMPJUTERI\", faza e dyt\u00eb n\u00eb baz\u00eb Qarku [...]","protected":false},"author":1,"featured_media":0,"parent":0,"menu_order":0,"comment_status":"closed","ping_status":"closed","template":"","meta":{"footnotes":""},"class_list":["post-214","page","type-page","status-publish","hentry"],"_links":{"self":[{"href":"https:\/\/beqircela.edu.al\/index.php?rest_route=\/wp\/v2\/pages\/214","targetHints":{"allow":["GET"]}}],"collection":[{"href":"https:\/\/beqircela.edu.al\/index.php?rest_route=\/wp\/v2\/pages"}],"about":[{"href":"https:\/\/beqircela.edu.al\/index.php?rest_route=\/wp\/v2\/types\/page"}],"author":[{"embeddable":true,"href":"https:\/\/beqircela.edu.al\/index.php?rest_route=\/wp\/v2\/users\/1"}],"replies":[{"embeddable":true,"href":"https:\/\/beqircela.edu.al\/index.php?rest_route=%2Fwp%2Fv2%2Fcomments&post=214"}],"version-history":[{"count":6,"href":"https:\/\/beqircela.edu.al\/index.php?rest_route=\/wp\/v2\/pages\/214\/revisions"}],"predecessor-version":[{"id":1214,"href":"https:\/\/beqircela.edu.al\/index.php?rest_route=\/wp\/v2\/pages\/214\/revisions\/1214"}],"wp:attachment":[{"href":"https:\/\/beqircela.edu.al\/index.php?rest_route=%2Fwp%2Fv2%2Fmedia&parent=214"}],"curies":[{"name":"wp","href":"https:\/\/api.w.org\/{rel}","templated":true}]}}